{"id":143,"date":"2012-02-02T10:46:49","date_gmt":"2012-02-02T10:46:49","guid":{"rendered":"http:\/\/brings-online.com\/demo\/handwerk\/?page_id=2"},"modified":"2017-03-11T17:57:04","modified_gmt":"2017-03-11T16:57:04","slug":"beispiel-seite-2","status":"publish","type":"page","link":"https:\/\/scheingraber-bau.de\/","title":{"rendered":"Start"},"content":{"rendered":"<p>Herzlich willkommen,<\/p>\n<p>das Baugesch\u00e4ft Scheingraber Josef GmbH ist seit bereits drei Generationen Ihr verl\u00e4sslicher Partner in Hofkirchen und Umgebung.<\/p>\n<p>Wir bieten Ihnen s\u00e4mtliche Leistungen rund ums Maurerhandwerk:<\/p>\n","protected":false},"excerpt":{"rendered":"<p>Herzlich willkommen, das Baugesch\u00e4ft Scheingraber Josef GmbH ist seit bereits drei Generationen Ihr verl\u00e4sslicher Partner in Hofkirchen und Umgebung. Wir bieten Ihnen s\u00e4mtliche Leistungen rund ums Maurerhandwerk:<\/p>\n","protected":false},"author":1,"featured_media":0,"parent":0,"menu_order":0,"comment_status":"open","ping_status":"open","template":"homepage.php","meta":{"footnotes":""},"class_list":["post-143","page","type-page","status-publish","hentry"],"_links":{"self":[{"href":"https:\/\/scheingraber-bau.de\/index.php?rest_route=\/wp\/v2\/pages\/143","targetHints":{"allow":["GET"]}}],"collection":[{"href":"https:\/\/scheingraber-bau.de\/index.php?rest_route=\/wp\/v2\/pages"}],"about":[{"href":"https:\/\/scheingraber-bau.de\/index.php?rest_route=\/wp\/v2\/types\/page"}],"author":[{"embeddable":true,"href":"https:\/\/scheingraber-bau.de\/index.php?rest_route=\/wp\/v2\/users\/1"}],"replies":[{"embeddable":true,"href":"https:\/\/scheingraber-bau.de\/index.php?rest_route=%2Fwp%2Fv2%2Fcomments&post=143"}],"version-history":[{"count":1,"href":"https:\/\/scheingraber-bau.de\/index.php?rest_route=\/wp\/v2\/pages\/143\/revisions"}],"predecessor-version":[{"id":311,"href":"https:\/\/scheingraber-bau.de\/index.php?rest_route=\/wp\/v2\/pages\/143\/revisions\/311"}],"wp:attachment":[{"href":"https:\/\/scheingraber-bau.de\/index.php?rest_route=%2Fwp%2Fv2%2Fmedia&parent=143"}],"curies":[{"name":"wp","href":"https:\/\/api.w.org\/{rel}","templated":true}]}}